mon divisor of h and j.
15
Let q = -22 - -47. Let d = q + 1. Let y(l) = l + 39. Let b be y(0). Calculate the greatest common divisor of d and b.
13
Suppose k + 3 = 0, i + 11 = 2*i - 3*k. Suppose -i*s = -5*s + 9. Suppose 2*m = -2, -q + 4*m - 16 = -s*q. What is the highest common factor of 70 and q?
10
Let j(v) = -v**2 - 5*v. Let n be j(-5). Suppose n*y + 2*y + 702 = 0. Let h = -251 - y. What is the highest common divisor of 10 and h?
10
Let i = 147 - -170. Suppose 0 = 5*c - i - 133. What is the greatest common divisor of 10 and c?
10
Let j(h) = -h + 5. Let w be j(4). Let m be (9*w)/(33/22). What is the greatest common divisor of m and 6?
6
Suppose -22 = -2*w + 4. What is the highest common divisor of 39 and w?
13
Let d(j) = j - 2. Let n be d(7). Calculate the highest common divisor of 5 and n.
5
Suppose 0 = -4*l - 12, -3*l + l = y + 5. Let m = -1 - -12. What is the highest common divisor of y and m?
1
Suppose 2*m + 2*r = 4*r + 506, 1274 = 5*m + 4*r. Suppose z + m = 5*x, z = 2*x + x - 152. Calculate the highest common factor of 34 and x.
17
Let i = 1 - 2. Let u be i/5 + 222/10. What is the greatest common factor of 176 and u?
22
Let m = -22 + 176. What is the greatest common divisor of m and 22?
22
Let x(t) = 4*t + 34. Let u be x(-8). Suppose -2 = -3*o + 4. What is the highest common factor of u and o?
2
Suppose 5*a - x = 79, 78 = 3*a + 3*x + 27. Calculate the greatest common divisor of a and 80.
16
Let g be 50/6 + (-2)/(-3). Let k(u) = -8*u**2 - 1 + 3*u**3 + 0*u**3 + g*u**2. Let n be k(1). What is the highest common divisor of 3 and n?
3
Let x = -6 - -11. Suppose 5*k = x*u - 25, -3*k - 16 = -4*u + 1. Calculate the highest common divisor of 4 and u.
2
Let m(d) = 9*d + 38. Let y be m(9). Calculate the highest common divisor of 7 and y.
7
Suppose -3*q + 2 = z + 1, z - 22 = 4*q. Calculate the greatest common divisor of 80 and z.
10
Let g = -29 + 49. What is the greatest common divisor of 50 and g?
10
Suppose 2*a - 36 = -a + 4*u, 0 = -4*u + 12. Let j = a - -4. Let z be 8/(-1*2/(-50)). What is the greatest common factor of z and j?
20
Let p(a) = 13*a**3 - a**2 - a + 1. Let b(q) = -q**2 - 4*q + 6. Let f be b(-5). Let u be p(f). What is the highest common factor of u and 120?
12
Suppose -42 = 3*v - 6*v. Let z be 1/(-2) - 2/4. Let t be -5 - -61 - (z - -1). Calculate the highest common factor of v and t.
14
Suppose f + 134 = 2*c - c, f = 2. Calculate the highest common factor of c and 17.
17
Let w = 47 + -26. Suppose 0 = -6*x + 3*x + w. Calculate the greatest common factor of 63 and x.
7
Let t(f) = f**3 + 2*f**2 + 2*f - 2. Let r be t(2). What is the highest common divisor of 12 and r?
6
Let q = 56 + -21. What is the greatest common factor of q and 7?
7
Let w(r) = -r**3 - 7*r**2 - r - 1. Let d be w(-7). Let s = d - 0. Calculate the highest common factor of 48 and s.
6
Let j(t) = -t**3 + 12*t**2 + 15*t + 30. Let a be j(13). Calculate the greatest common factor of a and 16.
8
Let f = 59 - 23. What is the greatest common divisor of 9 and f?
9
Let l = 3 - -1. Suppose -20 = 2*j - l*w, -2*j + 2*w = 15 - 5. Suppose f + 2*f = -t + 221, j = f - 2*t - 83. Calculate the greatest common divisor of 30 and f.
15
Suppose -5*w = -6 - 9. What is the highest common factor of 33 and w?
3
Let g(a) = a**2 - 6*a + 9. Let q be g(6). Calculate the highest common divisor of 1 and q.
1
Suppose 4*t - 34 = 30. What is the highest common factor of t and 2?
2
Let l(m) = -m + 6. Let v be l(3). Suppose 0 = n, 0 = -5*r + 2*r + n + 99. Calculate the greatest common factor of v and r.
3
Let w be (14 + -11)*(-14)/(-3). Calculate the greatest common factor of w and 7.
7
Suppose 2*q - 20 - 36 = 0. What is the greatest common divisor of q and 140?
28
Suppose g + 29 = a, -2*g = 3*a - 3*g - 85. Calculate the greatest common divisor of a and 308.
28
Let o be (29 - -1) + (-84)/21. Calculate the greatest common factor of o and 78.
26
Let o = 54 - 38. Suppose -4*b + o = 5*h - 2*b, 4*h = b + 18. What is the greatest common divisor of 28 and h?
4
Let d be -21*(-4)/16*32/12. What is the highest common divisor of d and 2?
2
Let j = 34 - -20. Let i = -5 - -11. Calculate the highest common factor of i and j.
6
Let k be (8/(-6))/((-18)/27). Let r be (6 - 3)/((-3)/(-8)). What is the highest common divisor of r and k?
2
Suppose 17 = 2*y + 1. Suppose z = 3*a - 6 + 3, 4*a + 5*z = 4. Calculate the greatest common divisor of y and a.
1
Let h(m) = m**2 + 7*m + 3. Let n be h(-7). Suppose 6*u - 2*u = c + 60, -5*c = n*u - 68. Calculate the greatest common factor of u and 2.
2
Let y be ((-51)/2)/((-10)/100). Suppose 4*c - 3*w - 327 = 0, 5*c + w = 2*c + y. Calculate the greatest common factor of 21 and c.
21
Let j be (1*-1)/((-1)/115). Let n = -27 + j. Let s = 262 - 251. Calculate the greatest common divisor of n and s.
11
Let k = 157 - 21. Let m be k/6 - (-10)/(-15). Let x = 7 + 26. What is the greatest common divisor of m and x?
11
Suppose 4*w = 216 - 76. What is the greatest common factor of 175 and w?
35
Suppose -2*w = -2*t + 6*t - 250, -4*t = -w - 235. Calculate the highest common factor of 12 and t.
12
Let s be ((-36)/(-6))/(3/80). What is the highest common divisor of s and 64?
32
Let l be (-18)/15*(-10)/4. Let u(w) = 1 + 4*w**3 + 2 + 7*w**2 - 5*w**3 - l*w. Let v be u(4). What is the highest common divisor of 13 and v?
13
Let s = -270 + 271. Let q(g) = -2*g - 3. Let f be q(-6). Suppose -2*u = -5*u + f. Calculate the highest common factor of u and s.
1
Suppose -12 = 2*a + a. Let c(s) = -2*s**2 - 7*s - 4. Let p be c(a). Let y = p - -14. Calculate the highest common factor of 30 and y.
6
Let l(j) = -5*j - 3. Suppose 5*n + 2*s = -43, 30 = -4*n - 2*s - 4. Let f be l(n). What is the greatest common factor of 6 and f?
6
Suppose 0 = -2*f + 2*v + 37 + 53, -3*f = -2*v - 135. Suppose 3*y - 4*g - 29 = 0, g - 42 = -2*y - 2*g. Calculate the greatest common factor of y and f.
15
Let m = -13 + 27. What is the greatest common divisor of 2 and m?
2
Let h = -2 - 1. Let b = h + 7. Suppose 2*w - 569 = -b*j + 3*w, 4*w = 2*j - 274. Calculate the greatest common factor of 13 and j.
13
Suppose -3*p + 29 = -22. Calculate the greatest common factor of p and 136.
17
Let b(g) = 5*g**2 - 4*g + 3. Let p be b(2). Suppose -4*c - 15 = -195. What is the greatest common divisor of c and p?
15
Suppose 193 = 2*i + 5*a, 4*i - a - 351 = -4*a. What is the highest common divisor of i and 12?
12
Let s = 102 + -11. What is the greatest common factor of s and 13?
13
Let x(v) = 7*v + 2. Let o be x(2). Let t = 30 - o. Suppose 18*f = 22*f - 28. What is the highest common divisor of t and f?
7
Let w(q) = q**3 + 7*q**2 - 3*q - 6. Let h be (6/(-9))/((-2)/(-12)). Let u be w(h). Suppose 4*d - 29 + 5 = 0. Calculate the greatest common divisor of u and d.
6
Let u(y) = 3*y - 40. Let o be u(18). What is the greatest common factor of 49 and o?
7
Let l be (132 + 0/2)*(-23)/(-46). Calculate the greatest common divisor of 88 and l.
22
Let k(i) = -i + 1. Let f be k(0). Let q be 1/(-1) + f*2. Calculate the highest common divisor of 11 and q.
1
Suppose 5*o - 3 = 27. Calculate the highest common divisor of o and 18.
6
Let r = -67 - -47. Let a be 1896/15 + 8/r. What is the highest common divisor of 14 and a?
14
Let y(s) = 40*s. Let b be y(1). Let l = -46 - -26. Let j = -4 - l. What is the greatest common divisor of b and j?
8
Let w be (-10)/(-4) - (-3)/(-6). Let a be w + -49 - (-1 + -1). Let z be ((-1)/1)/(3/a). Calculate the highest common divisor of z and 60.
15
Let x be (-3 - -2) + (-12)/(-1). Let z = x - 7. What is the highest common divisor of z and 20?
4
Suppose 0 = 3*m + 5*u - 13, m + 3*m + 4*u = 20. Calculate the greatest common factor of 30 and m.
6
Let b(f) = f**2 + 14*f + 18. Let q be b(-15). What is the greatest common factor of q and 3?
3
Let a(u) = 2*u + 26. Let n be a(-10). Calculate the highest common divisor of n and 1.
1
Suppose -8*w = -13*w + 100. What is the greatest common factor of 8 and w?
4
Suppose -g = -0 - 2. Let a be 0/2 + (-1 - -31). Suppose -7*i + a = -g*i. What is the highest common factor of 54 and i?
6
Suppose 0 = -5*l + l + 5*h + 305, 2*h = -4*l + 298. Calculate the highest common divisor of 30 and l.
15
Let a(h) = -h**2 + 11*h + 2. Let o be (-984)/(-88) - 2/11. Let v be a(o). What is the greatest common factor of 6 and v?
2
Let y be (4/1